f a?
1
Suppose 137*k - 8478088 = -159*k + 1262088. What is the units digit of k?
6
Let c(g) = -g**2 + g + 24. Let o(k) = 0 + 2 - 1. Let r(x) = c(x) - 4*o(x). What is the units digit of r(0)?
0
Suppose -4*p - 9283 = -17085 - 20470. What is the units digit of p?
8
What is the thousands digit of 21/(-3) - 7/((-7)/7936)?
7
Suppose 2324 - 6412 = 56*d. Let t = -357 - -191. Let v = d - t. What is the units digit of v?
3
Suppose 2*n = -18*i + 15*i + 7, 11 = 3*n + 5*i. Suppose 0 = d, 612 + 528 = n*x + d. What is the tens digit of x?
7
Let h = 158 + -126. Suppose h*b - 446 = 31*b. What is the hundreds digit of b?
4
Suppose -2*m = 5*p - 5710, 5*m + p + 15 - 14359 = 0. What is the thousands digit of m?
2
Let y = -69674 + 144533. What is the hundreds digit of y?
8
Let o(j) = j**2 + 6*j - 14. Let t be o(-8). Let n be -4 + 8 + -4 - (139 - t). Let a = 409 + n. What is the hundreds digit of a?
2
Let r be 9/12*8/3. Suppose -r*m - 449 = -1375. What is the tens digit of m?
6
Let y = -91 - -83. Let p(k) = -2*k**2 - 11*k - 11. Let l be p(y). What is the tens digit of (-2)/(-10) - -17*l/(-15)?
5
Let s(o) = -o**2 - 3*o - 11. Let j = -53 + 48. Let n be s(j). Let r = n + 35. What is the tens digit of r?
1
Suppose -8*y = -312 - 248. Let z be ((y/(-4))/7 + 3)*1120. Suppose -5*o - 225 = -z. What is the tens digit of o?
6
Let g(r) be the first derivative of -r**4/4 + 14*r**3/3 + 5*r - 21. Let x be g(14). Suppose -x*p - 19 = -99. What is the units digit of p?
6
Suppose 16*g - 808 = 3928. What is the hundreds digit of g - (-3 + 1 + 0 + 5)?
2
What is the hundreds digit of 7628/(-10)*(-10)/2?
8
Let b(g) = 7790*g**3 - 2*g**2 + 17*g - 17. What is the tens digit of b(1)?
8
Let i be (-236)/(-16) - (-3)/12. Let k(l) = -13*l - 7 + i*l**3 - 13*l**2 - 13*l**3 - 3*l**3. What is the units digit of k(-12)?
5
Let t(j) = 11*j - 4. Let l be t(-2). What is the units digit of (-4 - l*6/36)*843?
1
Suppose -14*o + 17*o - 1053 = 0. Let n = o - 85. What is the units digit of n?
6
Let t = 10 + 1. Suppose t*j - 9*j - 6 = 0. Suppose -407 = -4*q + j*b, 0 = b - 3*b + 6. What is the units digit of q?
4
Let s be 16/(-6)*20043/(-204). What is the tens digit of (-9 + 17)/((-1)/(s/(-4)))?
2
Let v(z) = -2*z**3 - 2*z**2 - 7*z - 12. Let n be v(-6). Let y = -90 + n. What is the hundreds digit of y?
3
Let j(o) = -o**2 - 5*o + 17. Let y be j(-7). Suppose 270 = 3*u - y*x, -5*u = -3*x - 322 - 130. What is the tens digit of u?
9
Suppose 5*y = -2*p + 16, -7*y + 75 = 5*p - 12*y. Let c(f) = 2*f**3 - 24*f**2 - 5*f + 23. What is the units digit of c(p)?
6
Let a(y) = y**2 + 27*y - 152. What is the tens digit of a(71)?
0
Suppose 35 - 539 = 4*n. Let k(b) = -3*b**2 + 51*b - 17. Let p be k(19). Let c = n - p. What is the units digit of c?
5
Let b(a) = 2*a**2 - 5*a + 18. Let j be b(-26). Suppose -42*f + 40794 = -j. What is the tens digit of f?
0
Suppose 121*g + 62*g = 42*g + 2822256. What is the thousands digit of g?
0
Let g(m) = -2*m**2 - 74. Let y be g(-24). Let z = -627 - y. What is the units digit of z?
9
Suppose 2*c + w = 11, c - 2*w = -w + 1. What is the tens digit of 626*(c + -8 + 5)?
2
Let l = 27456 + -16827. What is the units digit of l?
9
Let i(k) = k**3 - 8*k**2 + 8*k. Let l be i(6). Let o(t) = -159*t - 1437. Let m be o(-9). What is the hundreds digit of 3280/l*m/5?
1
Let g(c) = 180*c**3 + 6*c**2 + 15*c - 45. What is the units digit of g(4)?
1
Let w be (-1)/(((-8)/(-24))/(8/(-6))). Suppose -180 = w*n - 8*n. Suppose -5*o + 120 = n. What is the tens digit of o?
1
Let y = -35080 + 53947. What is the tens digit of y?
6
Suppose -49191 = -z + 4*o, 9*z - 12*z + 10*o + 147557 = 0. What is the ten thousands digit of z?
4
Let d(v) = v**3 + 25*v**2 - 2*v - 29. Let f = 336 + -360. What is the tens digit of d(f)?
9
Let d be (-6)/(-1)*5/10. Suppose 12 = d*y, -3*g = -y - 710 - 1392. What is the units digit of g?
2
Let t = -360 - -273. What is the tens digit of (432/(-14))/(t/812)?
8
Let w(m) = 3*m**2 + 33*m + 32. Let i be w(-10). What is the tens digit of 7/28 + (i - 4425/(-12))?
7
Suppose 0 = 3*x - 2*r + 6, 0*x + 3*x + r - 3 = 0. Suppose x = 3*p + d - 799 + 101, 3*d + 935 = 4*p. What is the tens digit of p?
3
What is the ten thousands digit of (122/(-3))/(-6 + 86200/14370)?
2
Let s be -3 + -198*(-2)/2. Let o = 485 + s. What is the units digit of o?
0
Let n(p) = 3*p**2 - 222*p + 2761. What is the hundreds digit of n(171)?
5
Let j = -15 - -16. Suppose 5*q - 22 = d, -5*q - j = -4*d - 14. Suppose l + q = 47. What is the units digit of l?
2
Suppose -65 = -7*s + 26. Suppose -3379 - 4785 = -s*c. What is the hundreds digit of c?
6
Let j = -10655 + 19256. What is the hundreds digit of j?
6
Suppose -3*d = -8*d. Suppose d*v - 528 = -2*v - 4*q, 4*v = 4*q + 996. Let x = v - 116. What is the units digit of x?
8
Let u = 6879 + -3964. Suppose 4*v - 2189 = -2*q + u, -4*v + q + 5098 = 0. What is the thousands digit of v?
1
Let h(x) = 9*x**2 + 23*x - 31. Let v be h(7). Let o = v - 271. What is the hundreds digit of o?
3
Suppose -88*g + 457251 + 410077 = 0. What is the tens digit of g?
5
Suppose 3*r = -0*r - 1173. Let p = r - -889. What is the tens digit of p?
9
Let f(p) = 5*p - 1. Let j be f(1). Suppose -24 = -j*i - 4*g, -i + 5*g - 10 - 2 = 0. Suppose 2*n - 2*k + 87 = 311, -9 = i*k. What is the tens digit of n?
0
Suppose 518408 + 530162 = 194*d. What is the hundreds digit of d?
4
Let k(f) = 5*f**2 + 3*f + 3. Let t be k(-1). Suppose 28*o - 24*o = -t*z + 1476, 2*z = 4*o - 1504. What is the tens digit of o?
7
Let u(z) = -3*z**3 + 26*z**2 - 27*z - 33. What is the hundreds digit of u(-19)?
4
Let h = -3382 + 11350. What is the thousands digit of h?
7
What is the thousands digit of (1 + 7061)*((-136)/(-24) + -5)?
4
Let x(u) = u + 3. Let n be x(-12). Let i be -3*(-2)/n + (-80)/(-3). What is the tens digit of (1 + i/8)*8/1?
3
Suppose -2*m - z + 215 = 0, -m - 7*z + 5*z + 100 = 0. What is the hundreds digit of 117898/m - 6/(-5)?
0
Suppose -5*t - 19*c + 24*c + 6930 = 0, -1378 = -t - 7*c. What is the tens digit of t?
8
Let y(h) = 3*h**3 + 155*h**2 - 4*h - 95. What is the ten thousands digit of y(-49)?
1
Suppose 0 = 5*h - 3*v - 112, 2*v = 4*v - 2. Suppose 3*d + 8 = -3*o + 23, -4*d - 5*o = -h. What is the units digit of -1 + (62 - 3)*1 + d?
0
Let q = -39 - -45. Let i be ((-440)/30)/(3/((-81)/q)). Suppose -3*r + 127 = 2*j + 2*j, 2*j - i = -4*r. What is the tens digit of j?
3
Let d(v) = 3*v**2 - 2*v - 29. Suppose -5*r = -4*t + 3, -t + 2*r - 12 = -6*t. Suppose -p - t*p + 15 = 3*h, -2*p - 38 = -4*h. What is the tens digit of d(h)?
4
Let o(m) = -4 + 6 - 260*m - 2 + 0 + 11. What is the hundreds digit of o(-4)?
0
Let p(r) be the third derivative of 7*r**4/2 + 74*r**3/3 - 3*r**2 - 58. What is the hundreds digit of p(14)?
3
Suppose 5*p + 4*t - 20 = 0, -4 = 10*p - 11*p + 5*t. Suppose 3104 = 4*s - 0*s. Suppose g - 250 = 2*w, p*g - s = w + 252. What is the units digit of g?
8
Let v(x) = 3*x**2 - 2*x - 16. Let j = 32 + -35. Let c be v(j). Suppose 0 = 2*i - c - 109. What is the units digit of i?
3
Let x(i) = -2*i**3 - 6*i**2 - 6*i + 6. Let t = -176 - -28. Let h = -154 - t. What is the tens digit of x(h)?
5
Suppose 699833 = 80*f - 125847. What is the hundreds digit of f?
3
Let i(v) = -v**2 - 9*v - 16. Let y = 8 + -12. Let d be i(y). Suppose -70 = -u + 2*p, -125 = -d*u - 5*p + 194. What is the tens digit of u?
7
What is the units digit of 2/(6/(-9)) - (-23 - 8591)?
1
Let u(g) = 11*g - 6. Let z be u(1). Let t(a) = -3*a**2 + 11*a - 6. Let n be t(z). What is the tens digit of 60/(-6)*n/4?
6
Suppose 3*x = -4*d + 35261, -4*x + 7738 = -4*d + 42978. What is the hundreds digit of d?
8
Let p(k) = 70*k**2 - 111*k + 3764. What is the thousands digit of p(25)?
4
Suppose 26*s + 5*r - 288 = 25*s, -3*s + 792 = -3*r. Let v = 456 + s. What is the hundreds digit of v?
7
Let g be (1/(4/6))/((-3)/(-16)). Let b be -5 - (-108)/20 - g/(-5). Suppose b*v - 2 = 90. What is the units digit of v?
6
Suppose -4*u = 5*d - 59, -5*u + 0*d + 84 = -4*d. Suppose 19*q - u*q = 0. Suppose q = 8*r - 3*r - 225. What is the tens digit of r?
4
What is the thousands digit of (-16)/((-640)/(-30)) + (-2803178)/(-56)?
0
Let b be ((-2184)/63)/((-1)/(-6)). Let v = b + 406. What is the tens digit of v?
9
Suppose 0 = -o + c - 2, 5*o - 3*c - 6 = -2*c. Suppose -4 = w - 2*w, 434 = o*v + 2*w. What is the units digit of v?
3
Le